242?
621
Calculate the highest common factor of 51842 and 4851.
49
Calculate the greatest common factor of 30744584 and 3952.
1976
What is the greatest common divisor of 2 and 14545050?
2
Calculate the greatest common divisor of 216 and 10455752.
8
Calculate the highest common factor of 436 and 146884.
4
Calculate the greatest common factor of 47841 and 18379995.
1293
Calculate the greatest common factor of 228 and 928568.
76
What is the greatest common factor of 65760 and 169920?
480
What is the greatest common divisor of 326709619 and 1412?
353
What is the greatest common divisor of 431 and 32531018?
431
Calculate the highest common factor of 2226 and 1219742.
106
What is the greatest common divisor of 677380 and 770?
110
What is the greatest common factor of 1565463459 and 1981?
1981
Calculate the greatest common factor of 45306 and 62694.
54
Calculate the highest common divisor of 216936 and 164178.
18
Calculate the greatest common factor of 229528 and 351.
13
What is the greatest common divisor of 1220 and 8980908?
244
What is the highest common divisor of 1208620 and 67284?
2492
What is the greatest common divisor of 753 and 33773054?
251
Calculate the greatest common divisor of 9 and 34108164.
9
Calculate the highest common divisor of 33363 and 5297303.
3707
Calculate the greatest common factor of 5649 and 8502552.
807
What is the highest common divisor of 5427 and 342772?
67
What is the greatest common factor of 1885 and 268105?
145
Calculate the greatest common factor of 962 and 14356.
74
What is the highest common factor of 356265 and 918918?
2457
What is the greatest common factor of 19651 and 441005?
457
What is the highest common factor of 1582 and 182056?
14
What is the highest common divisor of 175197 and 77?
11
What is the greatest common divisor of 54826 and 92114?
158
Calculate the highest common divisor of 90 and 6627294.
18
Calculate the highest common factor of 644 and 66644.
4
Calculate the greatest common factor of 3906254992 and 8132.
8132
Calculate the greatest common divisor of 4234 and 186846420.
4234
What is the greatest common factor of 4625 and 923705?
185
Calculate the highest common factor of 13 and 30406961.
13
What is the highest common divisor of 38924 and 43648532?
1052
Calculate the greatest common divisor of 5411371 and 10431.
1159
Calculate the greatest common factor of 165 and 40888905.
15
What is the highest common factor of 701054 and 123114?
142
Calculate the highest common divisor of 7164 and 1377478.
398
What is the highest common divisor of 1171352 and 105352?
104
Calculate the highest common divisor of 58485 and 19005.
105
Calculate the greatest common divisor of 2577371 and 1100500.
2201
What is the highest common factor of 51087 and 174?
3
Calculate the highest common divisor of 453992748 and 396.
132
Calculate the highest common factor of 44745 and 192945.
285
Calculate the highest common factor of 96 and 107821104.
48
Calculate the highest common factor of 226024 and 4750.
38
What is the greatest common divisor of 262 and 128032326?
262
What is the highest common factor of 2345 and 1294775?
335
Calculate the highest common divisor of 63225 and 2529.
2529
What is the highest common factor of 2006 and 343734?
118
Calculate the greatest common factor of 10176588 and 72.
36
Calculate the greatest common factor of 2696 and 53608.
8
What is the greatest common divisor of 11328282 and 24311?
161
Calculate the highest common factor of 54444 and 6024252.
156
Calculate the greatest common divisor of 13278 and 6306.
6
Calculate the greatest common divisor of 13128 and 61476783.
1641
Calculate the greatest common factor of 6867 and 4151.
7
Calculate the greatest common divisor of 15248436 and 58698.
6522
What is the highest common divisor of 13 and 80412371?
13
Calculate the greatest common factor of 87 and 51357231.
87
Calculate the highest common factor of 6419076 and 6.
6
What is the greatest common divisor of 1198367 and 740718?
1247
Calculate the highest common factor of 4616184 and 456.
24
Calculate the highest common divisor of 43060653 and 189.
27
What is the highest common factor of 37756985 and 105?
35
Calculate the highest common divisor of 38304 and 118377.
63
Calculate the greatest common factor of 680616 and 3954528.
4968
What is the greatest common divisor of 374 and 2170170?
2
Calculate the greatest common factor of 5020 and 250680.
20
What is the highest common factor of 189028344 and 5160?
1032
Calculate the greatest common factor of 30425688 and 6624.
1656
Calculate the highest common factor of 2583116 and 884.
68
Calculate the highest common divisor of 46258554 and 2094.
2094
Calculate the greatest common factor of 10824392 and 8.
8
What is the greatest common factor of 4745525 and 271825?
2075
Calculate the highest common divisor of 155716 and 3818581.
3539
What is the greatest common factor of 774 and 51630057?
387
What is the greatest common divisor of 1880 and 16240944?
376
What is the highest common factor of 896346306 and 36?
18
What is the greatest common divisor of 470195 and 28511945?
5665
Calculate the highest common divisor of 54 and 192586923.
27
What is the highest common divisor of 322764 and 10525003?
2069
What is the highest common factor of 4252 and 99258688?
4252
What is the highest common divisor of 89775936 and 1024?
64
Calculate the greatest common divisor of 27266913 and 2082.
1041
Calculate the greatest common divisor of 16308 and 3944120.
604
What is the greatest common divisor of 1593746 and 476971?
1441
What is the greatest common factor of 5810371 and 4503?
1501
What is the greatest common factor of 643461 and 41769?
273
Calculate the greatest common factor of 108 and 31418874.
54
Calculate the highest common factor of 297 and 79886169.
297
Calculate the greatest common divisor of 9257560 and 221065.
1235
Calculate the highest common factor of 255581492 and 2876.
2876
What is the highest common divisor of 474461 and 1846?
13
Calculate the greatest common factor of 25110956 and 2056.
1028
What is the highest common factor of 10170 and 2394018?
2034
What is the highest common factor of 55485844 and 244?
244
Calculate the highest common divisor of 21850000 and 2875.
2875
Calculate the greatest common factor of 112 and 125205304.
56
What is the greatest common factor of 37922938 and 134?
134
What is the greatest common factor of 619236 and 45423?
927
Calculate the highest common divisor of 772 and 6246445.
193
Calculate the greatest common factor of 1763 and 12886283.
43
What is the greatest common divisor of 54524 and 3465444?
1268
Calculate the greatest common factor of 1767253000 and 3000.
1000
Calculate the highest common divisor of 637826 and 34104.
406
What is the greatest common divisor of 61594 and 267306?
598
Calculate the greatest common factor of 4515 and 18775778.
301
What is the greatest common divisor of 4255 and 30407932?
851
What is the highest common factor of 27 and 516195828?
27
What is the greatest common factor of 105 and 88203?
3
What is the greatest common divisor of 764 and 2595349256?
764
Calculate the highest common factor of 46768978 and 13774.
142
What is the highest common factor of 17008 and 2552263?
1063
What is the highest common divisor of 133371570 and 240?
30
What is the greatest common factor of 1167770646 and 9?
9
What is the greatest common factor of 2708737514 and 518?
518
Calculate the highest common divisor of 7 and 12027939.
7
Calculate the greatest common divisor of 1049270 and 11254.
662
What is the greatest common divisor of 76 and 4821022?
38
What is the greatest common factor of 16335 and 826430?
605
What is the highest common factor of 320 and 91235792?
16
Calculate the greatest common divisor of 15748117 and 6391.
77
What is the highest common divisor of 34759625 and 2855?
2855
What is the highest common divisor of 106919385 and 5370?
2685
Calculate the highest common factor of 3006170 and 1113610.
5770
What is the greatest common factor of 1982840 and 85040?
40
What is the highest common factor of 1375 and 87551750?
1375
Calculate the highest common divisor of 411684 and 122612.
812
What is the greatest common factor of 6804 and 55244?
28
Calculate the highest common divisor of 5609743 and 61.
61
What is the 